{"id":27,"date":"2023-10-24T18:11:49","date_gmt":"2023-10-24T16:11:49","guid":{"rendered":"https:\/\/bluedatasec.com\/ciberseguridad\/?page_id=27"},"modified":"2024-07-29T17:27:24","modified_gmt":"2024-07-29T15:27:24","slug":"firewall-next-generation","status":"publish","type":"page","link":"https:\/\/bluedatasec.com\/ciberseguridad\/firewall-next-generation\/","title":{"rendered":"Firewall Next-Generation"},"content":{"rendered":"\n<div class=\"wp-block-cover alignfull is-light\" style=\"min-height:700px;aspect-ratio:unset;\"><span aria-hidden=\"true\" class=\"wp-block-cover__background has-background-dim-0 has-background-dim\"><\/span><img loading=\"lazy\" decoding=\"async\" width=\"1920\" height=\"960\" class=\"wp-block-cover__image-background wp-image-398\" alt=\"\" src=\"https:\/\/bluedatasec.com\/ciberseguridad\/wp-content\/uploads\/2023\/12\/fw-bg-1.png\" data-object-fit=\"cover\" srcset=\"https:\/\/bluedatasec.com\/ciberseguridad\/wp-content\/uploads\/2023\/12\/fw-bg-1.png 1920w, https:\/\/bluedatasec.com\/ciberseguridad\/wp-content\/uploads\/2023\/12\/fw-bg-1-300x150.png 300w, https:\/\/bluedatasec.com\/ciberseguridad\/wp-content\/uploads\/2023\/12\/fw-bg-1-1024x512.png 1024w, https:\/\/bluedatasec.com\/ciberseguridad\/wp-content\/uploads\/2023\/12\/fw-bg-1-768x384.png 768w, https:\/\/bluedatasec.com\/ciberseguridad\/wp-content\/uploads\/2023\/12\/fw-bg-1-1536x768.png 1536w\" sizes=\"auto, (max-width: 1920px) 100vw, 1920px\" \/><div class=\"wp-block-cover__inner-container is-layout-flow wp-block-cover-is-layout-flow\">\n<div style=\"height:25px\" aria-hidden=\"true\" class=\"wp-block-spacer\"><\/div>\n\n\n\n<div class=\"wp-block-group\"><div class=\"wp-block-group__inner-container is-layout-flow wp-block-group-is-layout-flow\">\n<h1 class=\"wp-block-heading has-neve-text-color-color has-text-color\">Firewall Next-Gen<\/h1>\n\n\n\n<div style=\"height:25px\" aria-hidden=\"true\" class=\"wp-block-spacer\"><\/div>\n\n\n\n<h2 class=\"wp-block-heading has-neve-text-color-color has-text-color\">\u00bfPor qu\u00e9 elegir nuestra soluci\u00f3n NGFW+?<\/h2>\n\n\n\n<div class=\"wp-block-columns is-layout-flex wp-container-core-columns-is-layout-1 wp-block-columns-is-layout-flex\">\n<div class=\"wp-block-column is-layout-flow wp-block-column-is-layout-flow\">\n<div class=\"wp-block-media-text is-vertically-aligned-top\" style=\"grid-template-columns:25% auto\"><figure class=\"wp-block-media-text__media\"><img loading=\"lazy\" decoding=\"async\" width=\"200\" height=\"200\" src=\"https:\/\/bluedatasec.com\/ciberseguridad\/wp-content\/uploads\/2023\/12\/fw-hand-1.webp\" alt=\"\" class=\"wp-image-390 size-full\" srcset=\"https:\/\/bluedatasec.com\/ciberseguridad\/wp-content\/uploads\/2023\/12\/fw-hand-1.webp 200w, https:\/\/bluedatasec.com\/ciberseguridad\/wp-content\/uploads\/2023\/12\/fw-hand-1-150x150.webp 150w\" sizes=\"auto, (max-width: 200px) 100vw, 200px\" \/><\/figure><div class=\"wp-block-media-text__content\">\n<p>Interfaz intuitiva que le permite administrar con simplicidad y eficacia<\/p>\n<\/div><\/div>\n\n\n\n<h3 class=\"wp-block-heading\">F\u00e1cil de usar<\/h3>\n\n\n\n<div style=\"height:50px\" aria-hidden=\"true\" class=\"wp-block-spacer\"><\/div>\n\n\n\n<div class=\"wp-block-media-text is-vertically-aligned-top\" style=\"grid-template-columns:25% auto\"><figure class=\"wp-block-media-text__media\"><img loading=\"lazy\" decoding=\"async\" width=\"200\" height=\"200\" src=\"https:\/\/bluedatasec.com\/ciberseguridad\/wp-content\/uploads\/2023\/12\/fw-safety-1.webp\" alt=\"\" class=\"wp-image-393 size-full\" srcset=\"https:\/\/bluedatasec.com\/ciberseguridad\/wp-content\/uploads\/2023\/12\/fw-safety-1.webp 200w, https:\/\/bluedatasec.com\/ciberseguridad\/wp-content\/uploads\/2023\/12\/fw-safety-1-150x150.webp 150w\" sizes=\"auto, (max-width: 200px) 100vw, 200px\" \/><\/figure><div class=\"wp-block-media-text__content\">\n<p>VPN S2S\/Usuario para crear un entorno seguro tanto para sus empleados como proveedores externos<\/p>\n<\/div><\/div>\n\n\n\n<h3 class=\"wp-block-heading\">Entorno Seguro<\/h3>\n<\/div>\n\n\n\n<div class=\"wp-block-column is-layout-flow wp-block-column-is-layout-flow\">\n<div class=\"wp-block-media-text is-vertically-aligned-top\" style=\"grid-template-columns:25% auto\"><figure class=\"wp-block-media-text__media\"><img loading=\"lazy\" decoding=\"async\" width=\"200\" height=\"200\" src=\"https:\/\/bluedatasec.com\/ciberseguridad\/wp-content\/uploads\/2023\/12\/3.webp\" alt=\"\" class=\"wp-image-386 size-full\" srcset=\"https:\/\/bluedatasec.com\/ciberseguridad\/wp-content\/uploads\/2023\/12\/3.webp 200w, https:\/\/bluedatasec.com\/ciberseguridad\/wp-content\/uploads\/2023\/12\/3-150x150.webp 150w\" sizes=\"auto, (max-width: 200px) 100vw, 200px\" \/><\/figure><div class=\"wp-block-media-text__content\">\n<p>Protege contra virus, malware, phishing, botnets e inspecciona tr\u00e1fico SSL <\/p>\n<\/div><\/div>\n\n\n\n<h3 class=\"wp-block-heading\">Protecci\u00f3n Avanzada<\/h3>\n\n\n\n<div style=\"height:50px\" aria-hidden=\"true\" class=\"wp-block-spacer\"><\/div>\n\n\n\n<div class=\"wp-block-media-text is-vertically-aligned-top\" style=\"grid-template-columns:25% auto\"><figure class=\"wp-block-media-text__media\"><img loading=\"lazy\" decoding=\"async\" width=\"200\" height=\"200\" src=\"https:\/\/bluedatasec.com\/ciberseguridad\/wp-content\/uploads\/2023\/12\/fw-reporting-1.webp\" alt=\"\" class=\"wp-image-394 size-full\" srcset=\"https:\/\/bluedatasec.com\/ciberseguridad\/wp-content\/uploads\/2023\/12\/fw-reporting-1.webp 200w, https:\/\/bluedatasec.com\/ciberseguridad\/wp-content\/uploads\/2023\/12\/fw-reporting-1-150x150.webp 150w\" sizes=\"auto, (max-width: 200px) 100vw, 200px\" \/><\/figure><div class=\"wp-block-media-text__content\">\n<p>Conozca con todo detalle el estado de su red con la creaci\u00f3n de reportes Network Analytics<\/p>\n<\/div><\/div>\n\n\n\n<h3 class=\"wp-block-heading\">Reporting<\/h3>\n<\/div>\n\n\n\n<div class=\"wp-block-column is-layout-flow wp-block-column-is-layout-flow\">\n<div class=\"wp-block-media-text is-vertically-aligned-top\" style=\"grid-template-columns:25% auto\"><figure class=\"wp-block-media-text__media\"><img loading=\"lazy\" decoding=\"async\" width=\"200\" height=\"200\" src=\"https:\/\/bluedatasec.com\/ciberseguridad\/wp-content\/uploads\/2023\/12\/fw-scalable-1.webp\" alt=\"\" class=\"wp-image-392 size-full\" srcset=\"https:\/\/bluedatasec.com\/ciberseguridad\/wp-content\/uploads\/2023\/12\/fw-scalable-1.webp 200w, https:\/\/bluedatasec.com\/ciberseguridad\/wp-content\/uploads\/2023\/12\/fw-scalable-1-150x150.webp 150w\" sizes=\"auto, (max-width: 200px) 100vw, 200px\" \/><\/figure><div class=\"wp-block-media-text__content\">\n<p>A\u00f1ada nuevas estancias de firewall seg\u00fan vaya creciendo su negocio<\/p>\n<\/div><\/div>\n\n\n\n<h3 class=\"wp-block-heading\">Escalable<\/h3>\n\n\n\n<div style=\"height:50px\" aria-hidden=\"true\" class=\"wp-block-spacer\"><\/div>\n\n\n\n<div class=\"wp-block-media-text is-vertically-aligned-top\" style=\"grid-template-columns:25% auto\"><figure class=\"wp-block-media-text__media\"><img loading=\"lazy\" decoding=\"async\" width=\"200\" height=\"200\" src=\"https:\/\/bluedatasec.com\/ciberseguridad\/wp-content\/uploads\/2023\/12\/fw-multienv.webp\" alt=\"\" class=\"wp-image-395 size-full\" srcset=\"https:\/\/bluedatasec.com\/ciberseguridad\/wp-content\/uploads\/2023\/12\/fw-multienv.webp 200w, https:\/\/bluedatasec.com\/ciberseguridad\/wp-content\/uploads\/2023\/12\/fw-multienv-150x150.webp 150w\" sizes=\"auto, (max-width: 200px) 100vw, 200px\" \/><\/figure><div class=\"wp-block-media-text__content\">\n<p>Soporta entornos virtuales, cloud\/nube u on-premise. Gesti\u00f3n avanzada con Restful API<\/p>\n<\/div><\/div>\n\n\n\n<h3 class=\"wp-block-heading\">Integraci\u00f3n<\/h3>\n<\/div>\n<\/div>\n\n\n\n<div style=\"height:40px\" aria-hidden=\"true\" class=\"wp-block-spacer\"><\/div>\n\n\n\n<div class=\"wp-block-columns is-layout-flex wp-container-core-columns-is-layout-2 wp-block-columns-is-layout-flex\">\n<div class=\"wp-block-column is-layout-flow wp-block-column-is-layout-flow\" style=\"flex-basis:25%\"><\/div>\n\n\n\n<div class=\"wp-block-column is-layout-flow wp-block-column-is-layout-flow\" style=\"flex-basis:50%\">\n<div class=\"wp-block-buttons is-content-justification-center is-layout-flex wp-container-core-buttons-is-layout-1 wp-block-buttons-is-layout-flex\" style=\"text-decoration:underline\">\n<div class=\"wp-block-button is-style-default\"><a class=\"wp-block-button__link has-nv-site-bg-color has-neve-link-hover-color-background-color has-text-color has-background has-link-color wp-element-button\" href=\"mailto:info@bluedatasec.com?subject=SOLICITUD%20INFO%20SOLUCION%20CIBERSEGURIDAD&amp;body=NOMBRE%20%2F%20EMPRESA%3A%20%0D%0A%20%0D%0AEMAIL%3A%20%0D%0A%0D%0ATELEFONO%20(OPCIONAL)%3A%20%0D%0A%0D%0A%C2%BFQU%C3%89%20NECESITA%3F%3A%20%0D%0A%0D%0A%0D%0A%0D%0A%0D%0A%0D%0A\">ESCR\u00cdBANOS PARA M\u00c1S INFORMACI\u00d3N<\/a><\/div>\n<\/div>\n<\/div>\n\n\n\n<div class=\"wp-block-column is-layout-flow wp-block-column-is-layout-flow\" style=\"flex-basis:25%\"><\/div>\n<\/div>\n<\/div><\/div>\n<\/div><\/div>\n\n\n\n<div class=\"wp-block-cover alignfull is-light\" style=\"min-height:758px;aspect-ratio:unset;\"><span aria-hidden=\"true\" class=\"wp-block-cover__background has-background-dim-0 has-background-dim\"><\/span><img loading=\"lazy\" decoding=\"async\" width=\"1920\" height=\"960\" class=\"wp-block-cover__image-background wp-image-423\" alt=\"\" src=\"https:\/\/bluedatasec.com\/ciberseguridad\/wp-content\/uploads\/2023\/12\/fw-bg-3.webp\" data-object-fit=\"cover\" srcset=\"https:\/\/bluedatasec.com\/ciberseguridad\/wp-content\/uploads\/2023\/12\/fw-bg-3.webp 1920w, https:\/\/bluedatasec.com\/ciberseguridad\/wp-content\/uploads\/2023\/12\/fw-bg-3-300x150.webp 300w, https:\/\/bluedatasec.com\/ciberseguridad\/wp-content\/uploads\/2023\/12\/fw-bg-3-1024x512.webp 1024w, https:\/\/bluedatasec.com\/ciberseguridad\/wp-content\/uploads\/2023\/12\/fw-bg-3-768x384.webp 768w, https:\/\/bluedatasec.com\/ciberseguridad\/wp-content\/uploads\/2023\/12\/fw-bg-3-1536x768.webp 1536w\" sizes=\"auto, (max-width: 1920px) 100vw, 1920px\" \/><div class=\"wp-block-cover__inner-container is-layout-flow wp-block-cover-is-layout-flow\">\n<div class=\"wp-block-group\"><div class=\"wp-block-group__inner-container is-layout-flow wp-block-group-is-layout-flow\">\n<h2 class=\"wp-block-heading has-text-align-center\">Servicio Gestionado<\/h2>\n\n\n\n<hr class=\"wp-block-separator has-alpha-channel-opacity\"\/>\n\n\n\n<div class=\"wp-block-media-text is-stacked-on-mobile\" style=\"grid-template-columns:25% auto\"><figure class=\"wp-block-media-text__media\"><img loading=\"lazy\" decoding=\"async\" width=\"300\" height=\"300\" src=\"https:\/\/bluedatasec.com\/ciberseguridad\/wp-content\/uploads\/2023\/12\/fw-managedservice.webp\" alt=\"Fw Managedservice\" class=\"wp-image-415 size-full\" srcset=\"https:\/\/bluedatasec.com\/ciberseguridad\/wp-content\/uploads\/2023\/12\/fw-managedservice.webp 300w, https:\/\/bluedatasec.com\/ciberseguridad\/wp-content\/uploads\/2023\/12\/fw-managedservice-150x150.webp 150w\" sizes=\"auto, (max-width: 300px) 100vw, 300px\" \/><\/figure><div class=\"wp-block-media-text__content\">\n<p class=\"has-medium-font-size\">\u00bfNo desea encargarse de la administraci\u00f3n? No se preocupe. Con nuestro plan NGFW+, le ofrecemos un servicio totalmente gestionado, permiti\u00e9ndole ahorrar tiempo y recursos. Conc\u00e9ntrese en lo que realmente importa: su negocio, mientras nosotros nos encargamos de su ciberseguridad.<\/p>\n<\/div><\/div>\n\n\n\n<div style=\"height:10px\" aria-hidden=\"true\" class=\"wp-block-spacer\"><\/div>\n\n\n\n<div class=\"wp-block-columns is-layout-flex wp-container-core-columns-is-layout-3 wp-block-columns-is-layout-flex\">\n<div class=\"wp-block-column is-layout-flow wp-block-column-is-layout-flow\">\n<h3 class=\"wp-block-heading\">\u00bfQuiere saber m\u00e1s?<\/h3>\n\n\n\n<p class=\"has-medium-font-size\">Escr\u00edbanos sin ning\u00fan compromiso. Estaremos encantados de proporcionarle una <strong>asesor\u00eda <\/strong>experta y personalizada para fortalecer la seguridad de su negocio. Nuestro equipo de profesionales est\u00e1 a su disposici\u00f3n para responder a todas sus preguntas y guiarle en la elecci\u00f3n de la mejor soluci\u00f3n de ciberseguridad.<\/p>\n\n\n\n<div class=\"wp-block-buttons is-layout-flex wp-block-buttons-is-layout-flex\">\n<div class=\"wp-block-button is-style-default\"><a class=\"wp-block-button__link has-nv-site-bg-color has-neve-link-hover-color-background-color has-text-color has-background has-link-color wp-element-button\" href=\"mailto:info@bluedatasec.com?subject=SOLICITUD%20INFO%20SOLUCION%20CIBERSEGURIDAD&amp;body=NOMBRE%20%2F%20EMPRESA%3A%20%0D%0A%20%0D%0AEMAIL%3A%20%0D%0A%0D%0ATELEFONO%20(OPCIONAL)%3A%20%0D%0A%0D%0A%C2%BFQU%C3%89%20NECESITA%3F%3A%20%0D%0A%0D%0A%0D%0A%0D%0A%0D%0A%0D%0A\">ESCR\u00cdBANOS AQU\u00cd<\/a><\/div>\n<\/div>\n<\/div>\n<\/div>\n<\/div><\/div>\n<\/div><\/div>\n\n\n\n<div class=\"wp-block-cover alignfull is-light\" style=\"min-height:300px;aspect-ratio:unset;\"><span aria-hidden=\"true\" class=\"wp-block-cover__background has-nv-dark-bg-background-color has-background-dim-90 has-background-dim\"><\/span><div class=\"wp-block-cover__inner-container is-layout-flow wp-block-cover-is-layout-flow\">\n<h2 class=\"wp-block-heading has-text-align-center has-nv-site-bg-color has-text-color has-link-color wp-elements-a9b6aec71206c05f41a63f5404aea56f\">Descubra la soluci\u00f3n de ciberseguridad ideal para su negocio y mant\u00e9ngalo protegido hoy mismo. \u00a1Aprenda m\u00e1s ahora!<\/h2>\n\n\n<div class=\"wp-block-image\">\n<figure class=\"aligncenter size-full\"><img loading=\"lazy\" decoding=\"async\" width=\"500\" height=\"450\" src=\"https:\/\/bluedatasec.com\/ciberseguridad\/wp-content\/uploads\/2024\/07\/fw-solution-1.webp\" alt=\"Fw Solution\" class=\"wp-image-1352\" srcset=\"https:\/\/bluedatasec.com\/ciberseguridad\/wp-content\/uploads\/2024\/07\/fw-solution-1.webp 500w, https:\/\/bluedatasec.com\/ciberseguridad\/wp-content\/uploads\/2024\/07\/fw-solution-1-300x270.webp 300w\" sizes=\"auto, (max-width: 500px) 100vw, 500px\" \/><\/figure><\/div>\n\n\n<p class=\"has-text-align-center has-nv-site-bg-color has-text-color has-link-color has-medium-font-size wp-elements-0a68b999c4a66ebd4e18d2648336a53b\">Cont\u00e1ctenos hoy y d\u00e9 el primer paso para asegurar y proteger sus datos de manera efectiva.<\/p>\n\n\n\n<div class=\"wp-block-buttons is-content-justification-center is-layout-flex wp-container-core-buttons-is-layout-3 wp-block-buttons-is-layout-flex\">\n<div class=\"wp-block-button is-style-default\"><a class=\"wp-block-button__link has-neve-text-color-color has-nv-site-bg-background-color has-text-color has-background has-link-color wp-element-button\" href=\"mailto:info@bluedatasec.com?subject=SOLICITUD%20INFO%20SOLUCION%20CIBERSEGURIDAD&amp;body=NOMBRE%20%2F%20EMPRESA%3A%20%0D%0A%20%0D%0AEMAIL%3A%20%0D%0A%0D%0ATELEFONO%20(OPCIONAL)%3A%20%0D%0A%0D%0A%C2%BFQU%C3%89%20NECESITA%3F%3A%20%0D%0A%0D%0A%0D%0A%0D%0A%0D%0A%0D%0A\">CONT\u00c1CTENOS<\/a><\/div>\n<\/div>\n\n\n\n<div style=\"height:25px\" aria-hidden=\"true\" class=\"wp-block-spacer\"><\/div>\n<\/div><\/div>\n","protected":false},"excerpt":{"rendered":"","protected":false},"author":1,"featured_media":0,"parent":0,"menu_order":0,"comment_status":"closed","ping_status":"closed","template":"","meta":{"neve_meta_sidebar":"","neve_meta_container":"","neve_meta_enable_content_width":"on","neve_meta_content_width":100,"neve_meta_title_alignment":"","neve_meta_author_avatar":"","neve_post_elements_order":"","neve_meta_disable_header":"","neve_meta_disable_footer":"","neve_meta_disable_title":"on","slim_seo":{"title":"Firewall NextGen potenciado con IA","description":"Ofrecemos NGFW asequibles para proteger sus datos creando un entorno seguro"},"footnotes":""},"class_list":["post-27","page","type-page","status-publish","hentry"],"_links":{"self":[{"href":"https:\/\/bluedatasec.com\/ciberseguridad\/wp-json\/wp\/v2\/pages\/27","targetHints":{"allow":["GET"]}}],"collection":[{"href":"https:\/\/bluedatasec.com\/ciberseguridad\/wp-json\/wp\/v2\/pages"}],"about":[{"href":"https:\/\/bluedatasec.com\/ciberseguridad\/wp-json\/wp\/v2\/types\/page"}],"author":[{"embeddable":true,"href":"https:\/\/bluedatasec.com\/ciberseguridad\/wp-json\/wp\/v2\/users\/1"}],"replies":[{"embeddable":true,"href":"https:\/\/bluedatasec.com\/ciberseguridad\/wp-json\/wp\/v2\/comments?post=27"}],"version-history":[{"count":139,"href":"https:\/\/bluedatasec.com\/ciberseguridad\/wp-json\/wp\/v2\/pages\/27\/revisions"}],"predecessor-version":[{"id":1357,"href":"https:\/\/bluedatasec.com\/ciberseguridad\/wp-json\/wp\/v2\/pages\/27\/revisions\/1357"}],"wp:attachment":[{"href":"https:\/\/bluedatasec.com\/ciberseguridad\/wp-json\/wp\/v2\/media?parent=27"}],"curies":[{"name":"wp","href":"https:\/\/api.w.org\/{rel}","templated":true}]}}